 n. What is the tens digit of y?
8
Let h(p) be the second derivative of -4*p**3/3 - 3*p**2/2 - 16*p. What is the tens digit of h(-2)?
1
Suppose u + 4*f = 1 + 21, 18 = 5*u - 3*f. Suppose u = 2*v + 20. Let i = 58 + v. What is the units digit of i?
1
Suppose 3116 = 2*x + k, -4*k + 6236 = 5*x - x. Suppose q = 5*q, -3*l = -3*q + x. What is the tens digit of l/(-21) - (-12)/42?
2
Let y(j) = -58*j**3 - 2*j - 1. Let w be y(-1). What is the units digit of (-3 + 4)*w*1?
9
Let n(u) = 21*u**3 - 2*u**2 + 1. Let y be n(-1). Let d = -20 - y. Suppose -3*x = -d*x - 61. What is the tens digit of x?
6
Let w(a) = -2*a**2 + 6*a - 1. Let n be w(5). Let d be 4*n/(-2) + 1. Suppose -147 + d = -4*q. What is the tens digit of q?
2
Let j(k) = k**3 - 52*k - 13. What is the tens digit of j(-5)?
2
Suppose 16*q - 14300 = 644. What is the units digit of q?
4
Let i(y) = 260*y + 264. What is the tens digit of i(6)?
2
Let r(f) be the first derivative of 2*f**3 - 11 + 1/4*f**4 - 5*f**2 - 9*f. What is the tens digit of r(-7)?
1
What is the tens digit of 1/(-3) + 2359/21?
1
Suppose 3 = -4*i - 5, -5*b - i = -28. Let h(o) = o - 2. Let f be h(b). Suppose -f = j - 2*j. What is the units digit of j?
4
Let i(u) = 4*u - 10. Let y be i(3). What is the tens digit of -3 + (y - 0)/(4/166)?
8
Let t be (-1)/(-2) + 135/6. What is the tens digit of 7/(21/9) + t?
2
Suppose -8*f + 5 = -7*f. What is the tens digit of ((-30)/48)/f + (-1970)/(-16)?
2
Let w = -4 - -6. Suppose -2*b = -w*h + 128, -h - 5*b = h - 100. What is the tens digit of h?
6
Let j = 1185 + -685. What is the tens digit of j?
0
Suppose 5*k + 109 = 3*m - 2*m, -367 = -4*m - 3*k. Suppose 2*g - n + 40 - 249 = 0, 0 = -g - 3*n + m. What is the tens digit of g?
0
Let o(r) be the second derivative of r**3 + 16*r**2 - 21*r. What is the tens digit of o(11)?
9
Let w(m) = 3*m**3 - 11*m**2 + 5*m - 12. What is the units digit of w(6)?
0
Suppose -5*h = -2*n + 865, -n = -2*h + h - 425. What is the hundreds digit of n?
4
Let w(o) = 61*o**2. Let b(j) = -j**2 - 9*j + 9. Let f be b(-10). What is the tens digit of w(f)?
6
Let l(u) = 86*u + 21. Let q be l(5). Let r = q + -234. What is the tens digit of r?
1
Suppose -5*j - 2*d = -2781, 7*j = 3*j - 4*d + 2232. What is the hundreds digit of j?
5
Let j(l) = 13*l - 8. Let y be j(-3). Let f = -40 - y. What is the units digit of f?
7
Suppose 0 = 5*a - 0*a - 2050. What is the units digit of a?
0
Suppose 0 = -4*o + 2*g + 3672, 14*o - 11*o - 2745 = -3*g. What is the tens digit of o?
1
Let w be (-1)/(-4)*-26*28. Let m = 87 + w. Let y = m + 139. What is the units digit of y?
4
Suppose -12*h + 22*h - 3100 = 0. What is the units digit of h?
0
Let f = -21 - -32. Let l(o) = 4*o + 12. Let c(v) = 1. Let n(d) = -2*c(d) + l(d). What is the tens digit of n(f)?
5
Let c = 5549 - 3657. What is the thousands digit of c?
1
Let r(c) = c**2 - 7*c - 5. Let u be r(-4). Suppose -5*t = 2*k - 134, 3*t - u = k + 48. Suppose -t = -0*h - 4*h. What is the units digit of h?
7
Suppose 5*f = m - 375 - 750, -2*f + 2262 = 2*m. What is the hundreds digit of m?
1
Let a be -68 + (1 - 3) - 2. Let k be (8 - -4) + -6 - 18. What is the tens digit of 782/12 - k/a?
6
What is the hundreds digit of -1 + 12/3 - -1914?
9
Let h = 17 - 31. What is the units digit of (-2)/7 + (-1684)/h?
0
Let i be -1 + 10 + (-12)/(-4). Suppose x + i = 4*q, -3*x - 2*x = -q + 60. Let f(t) = -t + 11. What is the tens digit of f(x)?
2
Suppose 2*n + 2*n = 3*g + 8851, -3*g + 6612 = 3*n. What is the hundreds digit of n?
2
Let v = 231 - 105. What is the hundreds digit of v?
1
Let v(p) = p + 24. Let n be v(-17). Suppose -2*r + n + 87 = 0. What is the tens digit of r?
4
Suppose 5*q = 20, h = -4*h - q + 29. What is the tens digit of (28/(-5))/((-2)/h)?
1
What is the hundreds digit of -1 + 2/1 + 671 + 28?
7
Suppose -95 = 5*o + 4*i, 3*o + 0*i + 25 = 4*i. Suppose 4*p = 7*p + 60. What is the units digit of (32/p)/(6/o)?
4
Suppose 0 = 2*g + 196 - 1914. What is the hundreds digit of g?
8
Suppose 0 = 2*i - 4*i. Suppose 4*b - 7*b = i. Suppose -3*g = -b*g - 45. What is the tens digit of g?
1
Suppose 70 = -q + 36*q. Suppose -2*m + 3*l + 8 = -5, -5*m = -3*l - 19. Suppose -q*n + 0 = -m. What is the units digit of n?
1
Let m = 3877 - 2546. What is the thousands digit of m?
1
Suppose 3*a = 5*w - 2885, -2*a - 2694 + 384 = -4*w. What is the tens digit of w?
8
Suppose -5*g + 6*d - 7*d + 2675 = 0, -2*g + 4*d + 1092 = 0. What is the hundreds digit of g?
5
Suppose x - 9088 = -4*c, x - 4*x - 9072 = -4*c. What is the thousands digit of c?
2
Let v(n) = 25*n - 205. What is the hundreds digit of v(43)?
8
Suppose -234 = 6*m - 42. Let w = m + 196. What is the hundreds digit of w?
1
Let w(s) = 4*s - 6. Let n(i) = -i - 1. Let o(c) = -5*n(c) - w(c). What is the units digit of o(-6)?
5
Suppose 4 = 6*p - 8. Suppose 5*w - 4*j + 66 = 0, 2*w - j = p*j - 32. Let r = w + 45. What is the units digit of r?
5
What is the tens digit of (-26)/52*(-1 - -2)*-948?
7
Let w(l) = -292*l - 23. What is the units digit of w(-4)?
5
What is the units digit of -5 + -1*(-297)/3 + 5?
9
Let k(d) = d**3 + 13*d**2 - 3*d - 19. Let b = 79 - 157. Let a be (-6)/9*b/(-4). What is the units digit of k(a)?
0
Suppose u + c - 4208 = 0, -13*u + 17*u = c + 16857. What is the units digit of u?
3
Suppose -66 = -6*i + 3*i. Let a = 58 - i. Suppose -a = -j - j. What is the units digit of j?
8
Suppose -2*j + 2*c = -7*j + 12085, -4*j - 3*c + 9661 = 0. What is the tens digit of j?
1
Let a(r) = 11*r - 22. Let k be a(2). Suppose k = 5*l + 3*o - 335, -8*l + 3*l = 4*o - 340. What is the units digit of l?
4
What is the tens digit of (138/(-15))/((-512)/(-520) - 1)?
9
Let s(u) = 468*u**3 - 2*u**2 + 8*u - 13. What is the units digit of s(2)?
9
Suppose 488 = 10*q + 48. What is the units digit of q?
4
Suppose 94*k = 117*k - 66930. What is the units digit of k?
0
Suppose -15*a - 17*a + 14784 = 0. What is the hundreds digit of a?
4
Let t(u) = -5*u**2 - 17*u + 12*u + 4*u**2 - 18*u - 13. Let p be t(-20). Suppose 0 = -s + 3*q - 2*q + 47, s + 4*q - p = 0. What is the tens digit of s?
4
Let t = 1239 + -718. What is the hundreds digit of t?
5
Let n(p) = 24*p**2 - p - 9. What is the units digit of n(-5)?
6
Let c = 39 + 25. Let z = c + -8. What is the units digit of z?
6
Suppose -318 = 3*s - 9*s. Let t = 114 - s. What is the tens digit of t?
6
Let z(i) = -i**3 + 4*i**2 + i + 839. What is the units digit of z(0)?
9
Let u = 2 - -2. Let o be (2 - (3 - 1)) + u. Suppose 18 = -d + o*d. What is the units digit of d?
6
Suppose -z = -6*z + 415. Let l = -44 + z. What is the units digit of l?
9
Suppose -2*u = -2, -61*j + 66*j + 2*u = 11362. What is the tens digit of j?
7
What is the hundreds digit of 1/6 - 21658/(-84)?
2
Suppose 3*h - 9 = 6. Suppose g = h*o + 26 + 82, 4*g = o + 432. Suppose 2*j - g - 32 = 0. What is the units digit of j?
0
Suppose -462 = 910*r - 911*r. What is the units digit of r?
2
Suppose -6*d - 1309 = -17*d. Suppose d = -9*y + 416. What is the tens digit of y?
3
What is the thousands digit of ((-75)/4)/(6/(-368))?
1
Let n(p) = -p**3 + 18*p**2 + 2*p + 44. Let x be 256/14 + (-14)/49. What is the units digit of n(x)?
0
Let m(t) = 2*t**2 + 2*t + 1. Let v be m(-1). Let r(g) be the first derivative of 33*g**4/2 - 2*g**3/3 + g**2/2 + 124. What is the tens digit of r(v)?
6
Let v be 10*1*3/5. Let r(k) = 3*k**2 + 11*k. What is the tens digit of r(v)?
7
Let m(r) = -r**2 + 2*r - 1. Let l be m(1). Let x be l*2/(-4) - -2. Suppose z = 5*g + 45, 42 = x*z + 2*g - 0*g. What is the tens digit of z?
2
Let c(v) = 23*v**3 - 19*v + 24. What is the hundreds digit of c(6)?
8
Let x(k) = k**3 + 3*k**2 - 8*k - 16. Let l be x(-4). Suppose 0 = -l*w + 3*w, -5*w + 131 = j. What is the hundreds digit of j?
1
Let x = -5803 - -8661. What is the tens digit of x?
5
Let m(w) = -8*w - 1. Let u = 13 - 13. Let v be (-1*(u + 2))/1. What is the tens digit of m(v)?
1
Let x(m) be the third derivative of 3*m**5/5 - m**3/6 + 13*m**2. What is the units digit of x(1)?
5
Let s be (3 - 1)/(6/(-9)). Let m(c) = -c**3 - 4*c**2 - 2*c - 4. Let x be m(s). Let g = x - -16. What is the units digit of g?
9
Suppose -2*t = -3*j + 3*t + 111, -j - 3*t = -37. Suppose -j*u + 38*u = 53. What is the units digit of u?
3
Suppose 0 = -6*u + 2*u + 56. Let r = 59 - 53. Let b = r + u. What is the units digit of b?
0
Suppose 3*k - 2*k = -2*r + 